21, 0 = -4*p - 3*f + 138. List the prime factors of p.
2, 3
Let q = 73 + -66. Suppose q*x - 616 = -x. List the prime factors of x.
7, 11
Let u(f) = 3*f - 3. Let s be u(2). Suppose -4*p + 13 = -s*p. Let a(w) = w**2 - 13*w + 3. What are the prime factors of a(p)?
3
Let u be (-5)/3*45/(-5). Suppose -u = -m - 5. Suppose -n + 0*q + 5*q = 20, n - m = -q. What are the prime factors of n?
5
Suppose 6515 = 11*i - 107. List the prime factors of i.
2, 7, 43
Let g(h) = 17*h + 22. Let q be g(8). Let t = q - 89. What are the prime factors of t?
3, 23
Let f(s) be the first derivative of s**3 + 27*s**2/2 + 24*s + 50. What are the prime factors of f(-12)?
2, 3, 11
Suppose 0 = 2*n + 10, -4*q = q + 3*n + 75. Let p be q + 3 - 1*-3. What are the prime factors of -1*(p - -3) - -8?
11
Let b be 3*(-2)/6 + 10. Suppose -3*v + 6 = o, 5*v - o = -b + 27. What are the prime factors of v?
3
Suppose 1 - 9 = -2*j. Suppose 0 = 5*i - x - 428, -2*x = j*i - i - 262. List the prime factors of i.
2, 43
Let v(h) = h**3 + 3*h**2 - 2*h - 2. Let g be v(3). Let l = 78 - g. List the prime factors of l.
2
Let h = 121 - -61. List the prime factors of h.
2, 7, 13
Let z = -26 + 28. Suppose -z*i + 66 = i. List the prime factors of i.
2, 11
Let n(a) = 2*a**2 - a - 2. Let p be n(2). Suppose g - p = -2*v, -2*g + 0*g + 4*v - 16 = 0. What are the prime factors of (-1)/(g/72*2)?
2, 3
Let f = 1013 - 436. Let q = f + -390. What are the prime factors of q?
11, 17
Let c(v) = v**2 - 4 - 2*v + 3 + 4*v - 6*v. Let f be c(5). Suppose -6 - 2 = -f*l. List the prime factors of l.
2
Suppose -13*a = 3754 - 15831. What are the prime factors of a?
929
Suppose 233 = 4*a + 193. What are the prime factors of a?
2, 5
Suppose -s + 1407 = 5*b, -27*b - 4161 = -3*s - 30*b. What are the prime factors of s?
2, 691
Let h = 2 + -2. Let u(m) = m**3 - 10*m**2 + 23*m - 51. Let j be u(8). Suppose h = -j*k + 282 - 77. What are the prime factors of k?
41
Let f = 35 + -29. List the prime factors of 385/14 + 3/f.
2, 7
Suppose i + 401 = 1889. What are the prime factors of i?
2, 3, 31
Suppose 216 = -4*z + 44. Let o = 39 + z. What are the prime factors of (o + (-29)/(-3))*9?
3, 17
Suppose 48 = 4*h + 4*h. What are the prime factors of h/(-3) - (-28 - 2)?
2, 7
Let i = -20 + 15. What are the prime factors of i + 114/24 - 450/(-8)?
2, 7
Let f = 26 + -19. Suppose -2*n - 180 = -f*n. List the prime factors of n.
2, 3
Suppose s - 3*o - 6 = o, 3*o = 5*s - 13. Suppose s*h - 219 = -h. Suppose d + 26 = h. What are the prime factors of d?
47
Suppose 0 = 2*u + 2*h - h + 467, 4*u + 949 = -5*h. Let t = u + 355. List the prime factors of t.
2, 31
Suppose 6*j + 3*j + 1188 = 0. Let q = -75 - j. What are the prime factors of q?
3, 19
Suppose 5*q = -0*q. What are the prime factors of q + 1 - -6 - -1?
2
Let j(v) = v**3 + 11*v**2 - 7*v - 6. Let r(c) = -3*c**3 - 23*c**2 + 14*c + 12. Let o(f) = 5*j(f) + 2*r(f). What are the prime factors of o(7)?
43
Suppose -5*t - 4372 = -4*z, 3*z - 3774 = 3*t - 495. What are the prime factors of z?
1093
Let w(o) be the first derivative of 2*o**3/3 + 5*o**2/2 - 8*o + 3. List the prime factors of w(-5).
17
Suppose -3*a = 93 + 219. Let y = 156 + a. List the prime factors of y.
2, 13
List the prime factors of 3 - (-15)/(60/392).
101
Let t(s) = s**3 + 16*s**2 + 13*s - 4. Suppose -4*k - 65 = -5*r, 0*k - 32 = 2*k - 2*r. What are the prime factors of t(k)?
2, 13
Let v be (1 + -1 + 3)*-11. Let i be 170/3 - 2/(-6). Let n = v + i. What are the prime factors of n?
2, 3
Let g(f) = 46*f**2 - 5*f - 6. What are the prime factors of g(-3)?
3, 47
Suppose 5*f - 4 = 4*z, f - z + 3 = -4*z. Suppose 4*k = 3*u - 306, f*u - k = 4*u - 389. List the prime factors of u.
2, 7
Suppose -3*d + 56*w = 59*w - 546, 4*d + 3*w - 725 = 0. List the prime factors of d.
179
Let i = -275 + 156. List the prime factors of 4*6/(-16) - i/2.
2, 29
Let p(d) = -d - 3 + 9 + 23 + d**2. Suppose -7*i - 23*i = -3*i. List the prime factors of p(i).
29
Let d(q) = -23*q + 71. List the prime factors of d(-29).
2, 3, 41
Let p(l) = -l**2 + 11*l - 27. Let k be p(5). Suppose -5*b + 5*q + 305 = 0, q - k*q - 56 = -b. What are the prime factors of b?
2, 3, 11
Suppose 5*y + v - 29 = -0*y, 10 = -2*y + 5*v. What are the prime factors of y/((-15)/(-48))*2?
2
Let w(u) = u**3 - 2*u + 1. Let k be w(2). Suppose -k*v - 4*x = -4*v - 43, 137 = 3*v + 4*x. What are the prime factors of v?
47
Suppose 80 = -4*v + 4*q, v - 7 - 3 = -5*q. Let g = v + 18. Suppose 16 = f + 2*x, 0 = 3*f - 5*f + g*x + 11. List the prime factors of f.
2, 5
Let b(l) be the third derivative of -5*l**4/4 + l**3/3 + 84*l**2. Suppose 0 = 4*f + 6 + 2. What are the prime factors of b(f)?
2, 31
Let f = 50 - 46. Suppose f*c + 2*s = 270, 2*s + 6 = -0*s. What are the prime factors of c?
3, 23
Let t = 1163 - 115. List the prime factors of t.
2, 131
Let l = 11 + 45. Let f be 32/l - (-9)/21. Let i = 9 - f. What are the prime factors of i?
2
Suppose -4*c + 3*i + 2010 = 0, 3*i - 7 = -1. Let q be (-6)/4*c/(-27). Suppose -q*b = -33*b + 10. What are the prime factors of b?
2
Suppose 0 = -59*s + 26*s + 35343. List the prime factors of s.
3, 7, 17
Let w = -21 + 26. Suppose -3*l + 205 = -2*t, 5*l - 2*t + w*t = 367. List the prime factors of l.
71
Let j(i) = 74*i - 42. List the prime factors of j(7).
2, 7, 17
Suppose 0 = 3*z - 7*z - 2*v - 2, 2*v - 6 = 0. Let f be ((-7)/z - 3)*74. Suppose 0 = 4*s - 51 - f. List the prime factors of s.
2, 11
Let a = 333 + -177. Suppose 0 = 3*d - 1002 + a. List the prime factors of d.
2, 3, 47
Suppose 3*l - 13 = 2*m + 1, 3*m + 22 = 5*l. Suppose -3*i + 505 = l*i - 2*j, -2*i + 202 = -j. What are the prime factors of i?
101
Let p(z) = -3*z + 13. Let o be p(-5). Let d = 27 + o. What are the prime factors of d?
5, 11
Suppose 0 = -6*q + 2*q + 124. Suppose 4*d = 3*d - q. Let b = 45 + d. List the prime factors of b.
2, 7
Suppose u - 4*t + 2 = -4, 3*u - 4 = t. Suppose -j + 488 = 5*b, -u*b + j + 188 = -j. List the prime factors of b.
97
Suppose 5*k = -5*d, 0 = -5*d + 1 - 16. Suppose 5*r + k*w - 147 = 0, 0 = 4*r - 3*r - 2*w - 19. Let p = -14 + r. List the prime factors of p.
13
List the prime factors of ((-39)/(-6))/((-8)/(-2896)).
13, 181
Let k(i) = -i**3 - 12*i**2 - 7*i - 11. Let q(v) = -37*v**2 - 2 - 17 - 22*v - 3*v**3 - 20 + 5. Let o(w) = -7*k(w) + 2*q(w). List the prime factors of o(-9).
3, 5
Let y(v) = 5*v - 48. Let h be y(16). Suppose 0 = -28*z + h*z - 44. List the prime factors of z.
11
Suppose -2*h = -4, 2298 - 640 = 2*g + h. List the prime factors of g.
2, 3, 23
Let o = 3 + -4. Let z be (1 + o)/2 + -1. List the prime factors of 7 - 9 - 31/z.
29
Let k(l) = -5*l + 57. Let n be k(12). List the prime factors of 2/(n - 235/(-75)).
3, 5
Suppose 2*z + 219 - 45 = 0. Let l = 176 + z. Let a = -52 + l. What are the prime factors of a?
37
Let q be 3/2*(-2 + 94). Suppose 2*a = -a + q. List the prime factors of a.
2, 23
Let b = 34 - 29. Suppose -a + 5*p + 70 = -0*a, 0 = -b*a - 2*p + 431. List the prime factors of a.
5, 17
Suppose 0 = h - 4, 3*g - 5*h = 616 + 2364. List the prime factors of g.
2, 5
Let r = -250 - -564. Suppose 0 = -5*f + 3*v + r + 332, -f = 5*v - 146. List the prime factors of f.
131
Suppose -5*v = -w + 1894, 0*w = w + 2*v - 1908. List the prime factors of w.
2, 7, 17
Suppose 22*n = 4853 + 5135. List the prime factors of n.
2, 227
Let j(q) = -q**3 + 6*q**2 - q + 3. Let w(a) = a**2 + a + 4. Let u be w(0). Let c be j(u). Let m = -27 + c. List the prime factors of m.
2
Let i be (-2)/7 + (-452)/(-14). Suppose -i = -d + 5*d. List the prime factors of 50/1 + 10 + d.
2, 13
Let x(n) = 2*n**3 + 13*n**2 + 11*n + 12. Let q be x(-6). List the prime factors of q*(-39 - 0)*17/51.
2, 3, 13
Suppose -2*q = 10, 0 = 2*v - 2*q + 5*q - 2683. List the prime factors of v.
19, 71
Let m(k) = k**3 - 15*k**2 + 31*k + 21. List the prime factors of m(18).
3, 11, 47
Suppose -4*n + 5*c = -71, 2*n + 0*c - c - 37 = 0. Let b = n - 17. Let f(m) = 17*m. What are the prime factors of f(b)?
2, 17
Let u(w) = 14*w**3 + 73*w - 399. List the prime factors of u(5).
2, 3, 11, 13
Let y(o) = -4*o + 17. Let b be y(6). Let r = 7 + b. Suppose r = -m - 4*s + 1, 4*m + 2*s - 27 = 47. What are the prime factors of m?
3, 7
Suppose 5*h = h, 4*t = h + 24. Suppose k + 1 = t. What are the prime factors of k?
5
Suppose -5*k - 16*t + 4087 = -12*t, 818 = k + t. List the prime